2 - 29)?
74
What is 54 + (-37 - (49 + -97))?
65
22 - ((17 - -70) + (1 - 27))
-39
-15 - (50 + -75 - 28)
38
Calculate 54 + (-16 - 0 - (-28 + -16 + 47)).
35
What is (41 - -60) + -121 + 48?
28
What is the value of (3 - 5) + (7 - (-3 + 2 + -3))?
9
Calculate 8 - 7 - 120 - (-23 + 18 - (0 - -5)).
-109
What is the value of -815 + 801 - (-88 + -4 + (-5 - -8) + -4)?
79
What is the value of 3 - 3 - (-2 - (-1 - -6) - (92 - 52))?
47
What is (-166 + 175 - (1 + (-1 - -13))) + -50 + 2?
-52
Evaluate -117 + 154 - ((1 - 1) + 4).
33
Calculate (0 - 37 - (-54 - -60)) + -41 + 33.
-51
What is the value of 61 - 33 - 49 - -134?
113
What is the value of (-5 - -21 - -4) + (-42 - 41)?
-63
What is -4 - 24 - (2 + -82) - (-3 + -1)?
56
(-23 - 1) + (-17 - (-7 + -96))
62
409 + -348 + (-105 - 17)
-61
(-55 - -52) + 34 - 60
-29
136 - (-35 - (39 + -156))
54
What is the value of -8 + 0 + 8 + (-21 + (32 - 3) - 16)?
-8
(24 - 56) + (8 + -4 - 4)
-32
Calculate -199 + (136 - (-55 + 88)).
-96
What is the value of -3 + 6 + (-12 + -71 - -37)?
-43
What is the value of -70 + (60 - 14) + -33?
-57
5 + 0 + -61 + (19 - -2) + 1
-34
Evaluate (-5 - -2 - 1) + (-24 + 22 - 3) + 53.
44
Evaluate 93 + (-8 - (1 + (-18 - -9) + (20 - 22))).
95
What is the value of 80 + (-61 + 4 - 28)?
-5
(3183 - 3201) + -3 + 27
6
8 + (-24 + -31 - (1 + -6) - (20 + -13))
-49
Calculate (-25 - (12 - 33)) + 46 + 2 + 13.
57
Evaluate 1 - -62 - (-1881 + 1918).
26
What is (5 - (-135 - -19)) + -77?
44
What is the value of -51 - 3 - (128 + (125 - 239))?
-68
-12 - (-50 - (-6 - (-13 + (3 - -11))))
31
3 + -7 - (-445 + 378)
63
Evaluate -22 + 84 + -39 + -67.
-44
76 - (-8 + (-116 - -104))
96
What is -25 + -1 - (381 + -431)?
24
34 - (-12 + (-2 - -60) - -30)
-42
Calculate -15 - (16 + (1 - -8) + 229 + -217).
-52
Evaluate 440 - 463 - (2 - (51 - 2)).
24
Calculate 42 + (-5 - 3) - (23 - 5 - (18 - 7)).
27
Calculate 72 + 21 + 0 - (108 - 68).
53
What is the value of (-13 - -6) + 5 + -2 - -31?
27
-13 - (-3 - -1 - 46 - (39 - (27 + 21)))
26
Calculate 33 + (0 - 1) + -160 + 21 + 149.
42
What is -1 - -3 - -17 - (38 - -2)?
-21
Calculate (-4992 - -5006) + 40 + -1.
53
Calculate 2 - -19 - (-41 + 50) - 5 - -9.
16
-155 - ((17 - 146) + 75)
-101
Evaluate (-1384 - -1379) + -86 + 2 - -4.
-85
Evaluate (-5 - -8 - (19 - 22) - 7) + -47.
-48
What is the value of 9 + (262 - 264 - (-3 + 0 + 7 - -24))?
-21
What is the value of 816 + -757 - (11 + 1 + (-2 - 4))?
53
Evaluate 57 - (211 - 19) - -87.
-48
(-21 + 47 - 15) + -109 - (-7 - 0)
-91
72 + -85 - -11 - -51
49
Calculate -872 + 867 + -39 + 2.
-42
(7 - (-15 + 19 + 26)) + 50
27
What is the value of 64 + -31 + (31 - -8 - 17)?
55
Evaluate -98 + 4 + (681 - 568).
19
What is the value of (5 - 39) + -7 + (-6 - -3) + (5 - 2)?
-41
What is the value of (-117 - -201) + (20 - 74)?
30
-14 - (-11 - (2 + 6 + -12 + 12))
5
Evaluate -6 + 7 + 5 + 5 - (5 + -13).
19
What is (1 - (-1 + 75 + 6 + -16)) + -22?
-85
What is -1 + -32 + 65 - 99?
-67
(-60 - -1 - (-38 - -33 - -22)) + -4
-80
What is 16 + 14 + -1 - 22 - (-13 - -1)?
19
What is -33369 - -33328 - (-110 + -1 + 1)?
69
Evaluate -17 + -2 + (18 - (9 + -18 + 14)) + -2.
-8
-234 - (-162 + 33) - -58
-47
Evaluate -21 - ((0 - 10) + (-103 + 30 - 4)).
66
(31 - ((-59 - -22) + 82)) + -92
-106
What is the value of 12 - (5 + (6 - 29) + 11 + 3)?
16
Calculate 21 + (-22 - (69 - 53)).
-17
Calculate -11 + (10 - 9) + -6 + (5 - 9 - -5).
-15
What is the value of -4 + 55 - (64 + -38 + -8 + (-14 - 4))?
51
Evaluate 94 - (-22 + 87 + -21).
50
What is -32 - -23 - (622 + -531)?
-100
What is (46 - -65) + -43 - -52?
120
Calculate -2 + (-7 - -6) + 5 + 3 + 15 + -1.
19
(3 - -46) + -38 + 42 + 8
61
Evaluate -1 + 8 + -121 + 122 + 9 + 51.
68
Evaluate -8 + (2 - 1) + 9 + (10 - (-1 + 12)).
1
Calculate (2 - (1 + -11)) + 540 + -557 - 13.
-18
-67 + -14 + (-3 - (-10 + 9) - 11)
-94
Calculate -1 + -3 + 52 + -57 + (-1 - 123) - -15.
-118
-2 - -7 - (-887 - -901)
-9
Calculate (-4 - 2) + -11 + -26 + 40 + 17.
14
Calculate 42 + -34 + (-18 - -3) + 111 + (10 - 10).
104
44 + -25 - (-13 + 30 + -20)
22
Evaluate -40 - ((11 + -15 - (-8 + 5 - 0)) + -7).
-32
Calculate -1 + -9 + (-52 - (-166 + 50)) + 40.
94
Calculate (0 - -41) + (-72 - 4).
-35
Evaluate 0 + 28 + -1940 + 1907 + -65.
-70
(6 - (19 - 18) - -3) + -53 + 0
-45
What is (-27 - -17) + -14 - 33?
-57
Calculate 109 + (-385 - -75) + 134.
-67
Calculate -6 - 1 - (-258 - -225) - (2 + 9 + -3).
18
Calculate -2 - 12 - ((-72 - -23) + 54).
-19
What is 1 - 22 - (7451 + -7433)?
-39
(29 - 35) + 55 + -31
18
What is -43 + (19 - (-48 + 19))?
5
What is the value of 8 + (-1 - 0) + (5 - 3) + (-64 - 56)?
-111
15 + (-41 - -30 - (9 - (4 + 4)))
3
Evaluate 2 + -1 - -3 - (-127 + (20 - 1 - 4)).
116
Calculate (-23 + -3 - -5 - -9) + -34 - -9.
-37
Evaluate 478 - 489 - (-84 + (5 - (7 - 5))).
70
What is the value of 15 + 21 + -41 + (-4 - (3 - 2))?
-10
What is the value of (-14 + 10 + (25 - -76) - 25) + -18?
54
What is the value of 50 - (8 + 13 + -5) - (10 - 1)?
25
Calculate (4 - 0 - (-389 - -359)) + 6.
40
What is -26 - (-44 - -16 - -25) - -36?
13
(-5 - (11 + 13 - 15)) + 67
53
(-36 - (-52 - -2)) + 1 + -61 - 3
-49
Evaluate 5 + (3 + 7 - 19) + 0 + 1 + 48.
45
Calculate 2 - (-4 - -34) - (-11 + 17 + -7).
-27
Evaluate 27 + (-46 - -95) - 46.
30
What is the value of 11 - (2 - (-14 + -1 - (-66 - -106)))?
-46
35 + -8 + -2 - 63 - (4 + 13)
-55
Evaluate -38 + 2 + -5 + (-399 - -416).
-24
Evaluate (4 - 2) + 0 - 8 - (-38 + 24 - 40).
48
-8 - (18 + (-45 - (23 - 16)))
26
What is the value of -21 + 58 + -20 - (5 - -65)?
-53
Calculate -12 + (-25 + -1 + 5 - -43).
10
What is the value of -1 + -11 - (0 - 17 - ((1 - -4) + 8))?
18
Calculate -232 + 239 + -104 + 211.
114
What is the value of -4966 - -4935 - (-23 + 0)?
-8
Calculate -3 - 4 - (-1 + 1) - (20 + -51).
24
Calculate 0 + (5 - (25 - (65 - 21))).
24
What is the value of (160 - (181 - 27)) + -1 + 20 + 2?
27
Evaluate 29 + (35 - 73) - (0 - 90 - 2).
83
Evaluate -1 + (35 + -13 - ((-42 - -5) + 9)).
49
Calculate 6 - (35 - 1 - -28).
-56
Calculate 10 - ((-5 - -5) + 15 + (0 - 8 - 0)).
3
(87 - (18 - (25 + -28))) + (-12 - 3)
51
16 + -36 + (-71 - -78)
-13
Calculate 26 - ((11 - 6) + 15 - 11) - -55.
72
Evaluate -77 + (-12 + 7 - (31 + -33)).
-80
What is 1 + -72 + (133 + -36 - 34) + -68?
-76
Evaluate (0 + 3 - (-1 + -3 - -2)) + 1021 + -1078.
-52
Calculate 10 + 64 - (-106 - -140).
40
What is -131 + 43 + -55 + 7 + (12 - -5) - 8?
-127
(0 - (-14 + 4 + -4 - -6)) + 8
16
-66 + 2 + (-26 - -34) + (146 - 146)
-56
-22 + (31 - -8) + 0 + -13
4
Evaluate -102 - (-176 + 65) - ((0 - -3 - 63) + 1).
68
(9 - (9 + 7) - (6 + -11)) + 18
16
What is the value of 10 + -4 - 4 - (-101 - -1 - (-51 + 31))?
82
What is (-52 - -26) + 48 - (15 - -59)?
-52
What is the value of -145 - -1 - (0 - -10 - (83 + -79) - 10)?
-140
What is 34 - -20 - (-157 + 241)?
-30
95 - 5 - (1 + -3 + 13) - 8
71
What is the value of 20 - ((2 - -3) + -3) - (1 + -7)?
24
-29 + 2 + -4 - (-29 + 69 + -21)
-50
915 + -871 + -2 + -57
-15
What is (34 - 1) + (1215 - 1221)?
27
What is the value of (1 - (7 + 9) - -20) + -45?
-40
What is (114 - 173) + (59 - 50)?
-50
Evaluate (-51 - -49 - 49) + 102.
51
What is -9 + -1 + 39 + (-426 - -422) + 20?
45
What is the value of (-1 - 2 - -13) + (-147 - -133) - (0 - -19)?
-23
What is the value of -22 + 103 - -5 - (12 + 2)?
72
What is the value of (1 - (-2 + (-4 - -10))) + 10 + 32 + 13?
52
-20 + (-31 - -77) - 29
-3
-20 + 2 + 10 + 95 - (3 + 0) - 12
72
Evaluate 5 + 7 + -18 - -4 - 9 - -34.
23
What is -3 + -3 - -3 - (-1260 - -1342)?
-85
Calculate (6 - (12 - 26)) + (-46 - 3).
-29
Evaluate (-12 - 25) + -41 - -1 - -11.
-66
Evaluate (-192 - 62 - -122) + 200.
68
92 + (-15 - 10) + 0 + (-4 - 12)
51
What is the value of -18 + (-57 - -33) - 13?
-55
(-1 - 12) + (-95 + (-52 - -88) - (1 + -15))
-58
What is 10 + 0 + (-116 + 29 - (5 + -3 - -4))?
-83
What is -1 + -114 - (27 + -1 - (-524 + 549))?
-116
Evaluate 133 - (73 - 99) - 69.
90
Evaluate 3 + 26 - (-194 + 194).
29
Evaluate 17 - (-31 - (-64 - 52)).
-68
What is the value of (-1 - -4) + -12 - (-94 - (-100 + 37))?
22
What is (8 - 0 - 0 - 73) + (25 - 28) + 10?
-58
What is 5 + -6 + -25 + 38 + -8 + (-1 - 62)?
-59
Calculate (-13 - -24) + -7 + 36.
40
-119 + (107 - 31) + 14 + (3 - (4 - 0))
-30
Evaluate (-19 + 25 - -10) + 11.
27
What is -3 + (15 - 14) + 14 + -13?
-1
What is the value of 5 - (3 + 57) - (1 + -37 + 39)?
-58
What is the valu